e u(-54).
17
Let s(i) = -i**3 - 45*i**2 + 30*i - 66. Calculate s(-46).
670
Let k(w) = -w**3 + 56*w**2 - 219*w + 576. What is k(52)?
4
Let i(r) = 209*r - 1120. What is i(5)?
-75
Let q(a) = -444*a + 8427. What is q(19)?
-9
Let g(k) = -15*k**2 - 385*k + 115. What is g(-26)?
-15
Let n(r) = -62*r - 1673. Determine n(-27).
1
Let f(y) = y**3 - y**2 - 10*y + 67. What is f(5)?
117
Let w(c) = -c**3 - 49*c**2 - 417*c + 36. Give w(-38).
-2
Let b(h) = -2*h**2 + 70*h - 317. Calculate b(5).
-17
Let g(k) = -188*k - 8076. Give g(-43).
8
Let x(r) = 9*r**3 + 170*r**2 - 17*r + 38. What is x(-19)?
0
Let q(t) = -39*t - 1717. What is q(-44)?
-1
Let v(j) = 32*j - 1158. What is v(31)?
-166
Let b(x) = 100*x - 7. Calculate b(-1).
-107
Let g(b) = -87*b**2 - 6785*b + 40. Determine g(-78).
-38
Let t(i) = 4*i**3 + 8*i**2 - 2*i - 21. Give t(-3).
-51
Let t(r) = 23*r**2 - 5*r + 1. What is t(-2)?
103
Let o(q) = -2*q**3 - 101*q**2 + 16*q - 1762. Determine o(-51).
23
Let a(l) = -1027*l + 7193. Give a(7).
4
Let q(a) = -a**3 + a**2 + 116*a - 73. Determine q(11).
-7
Let a(j) = j**2 + 3*j - 116. Determine a(9).
-8
Let y(a) = -a**3 - 153*a**2 - 3778*a + 122. Determine y(-31).
-2
Let q(v) = 1920*v - 3837. Calculate q(2).
3
Let c(b) = -48*b**2 + 28*b - 3. Determine c(1).
-23
Let d(k) = 44*k + 142. Calculate d(-6).
-122
Let u(p) = -p**3 - 19*p**2 + 844*p - 94. Calculate u(21).
-10
Let h(y) = 29*y + 485. What is h(-17)?
-8
Let o(q) = q**3 + 138*q**2 + 3392*q + 7. Give o(-106).
7
Let j(c) = -c**3 + 2*c**2 + 14*c - 68. Calculate j(7).
-215
Let y(k) = 775*k + 13982. Calculate y(-18).
32
Let g(k) = -53*k - 221. Give g(-4).
-9
Let w(q) = q**3 - 263*q**2 + 735*q + 11679. Calculate w(260).
-21
Let p(n) = 84*n - 3329. Determine p(40).
31
Let i(c) = 124*c - 2584. What is i(21)?
20
Let f(z) = -z**3 - 40*z**2 - 479*z - 2018. Calculate f(-23).
6
Let t(v) = -1037*v + 9340. Determine t(9).
7
Let g(o) = -62*o + 6592. Determine g(106).
20
Let q(o) = -o + 40. Calculate q(14).
26
Let x(p) = -p**3 - 43*p**2 + 402*p. Calculate x(8).
-48
Let q(t) = t**3 + 13*t**2 + 66*t + 5. What is q(-10)?
-355
Let v(t) = 4*t**3 - 5*t**2 + 8*t + 9. Give v(-1).
-8
Let k(q) = -q - 29. Determine k(-30).
1
Let g(j) = 348*j - 2436. Calculate g(7).
0
Let c(l) = -2*l**2 - 55*l - 7. Calculate c(-27).
20
Let l(u) = -23*u + 166. Determine l(3).
97
Let y(u) = 35*u**2 + 282*u + 550. Calculate y(-2).
126
Let z(i) = 8*i**2 + 51*i + 20. What is z(-6)?
2
Let z(d) = -2*d**2 - 176*d + 554. Determine z(3).
8
Let t(f) = f**2 - 59. What is t(0)?
-59
Let c(s) = -96*s - 478. Calculate c(-11).
578
Let u(h) = 42*h**2 - 2*h + 41. Calculate u(0).
41
Let d(m) = -12*m - 13. Determine d(-13).
143
Let o(w) = -231*w**3 + 9*w**2 - 4*w - 1. Determine o(-1).
243
Let m(r) = r**3 - 6*r**2 + 4*r - 14. What is m(5)?
-19
Let t(u) = -u**3 + 64*u**2 - 61*u - 154. Give t(63).
-28
Let y(i) = i**2 + 13*i + 4. Determine y(6).
118
Let z(w) = 57*w + 187. Give z(-7).
-212
Let k(p) = -107*p + 532. Calculate k(5).
-3
Let n(b) = b**2 - 63*b + 597. Give n(11).
25
Let s(o) = -146*o**2 - 3. Give s(1).
-149
Let c(g) = g**3 - 5*g**2 + 16*g - 140. What is c(6)?
-8
Let o(b) = 3453*b + 13809. Determine o(-4).
-3
Let h(c) = 39*c + 252. Determine h(-7).
-21
Let c(g) = 2*g**3 - 40*g**2 - 242*g - 215. Calculate c(25).
-15
Let h(q) = -4*q**2 - 294*q - 292. Calculate h(-1).
-2
Let t(y) = -y**2 + 4*y + 5. Determine t(4).
5
Let p(l) = -l**3 + 491*l**2 - 3861*l - 1456. Calculate p(483).
-7
Let t(h) = 16*h - 36. Give t(7).
76
Let g(j) = j**2 - 22*j + 111. Calculate g(6).
15
Let m(u) = 133*u**2 + 534*u + 19. Determine m(-4).
11
Let o(f) = 179*f - 7109. Give o(40).
51
Let o(y) = -y**3 - 42*y**2 - 82*y - 87. Calculate o(-40).
-7
Let x(b) = 97*b - 6584. Give x(68).
12
Let l(f) = -4373*f - 4406. What is l(-1)?
-33
Let w(k) = -k**3 - 18*k**2 - 83*k - 24. Calculate w(-9).
-6
Let a(s) = 3*s**3 + 15*s**2 - 6*s - 2. Give a(-7).
-254
Let h(j) = 77*j**2 + 13*j - 1. Calculate h(1).
89
Let c(j) = 176*j - 1223. What is c(7)?
9
Let f(k) = 2*k**3 - 3*k**2 + 13*k - 62. Give f(3).
4
Let z(o) = 35*o**2 - 913*o + 77. Determine z(26).
-1
Let k(v) = -7*v + 115. Determine k(18).
-11
Let r(t) = -7*t**3 + 70*t**2 - 15*t + 141. What is r(10)?
-9
Let d(c) = -503*c + 2002. Calculate d(4).
-10
Let n(o) = -5668*o + 7. Give n(0).
7
Let p(q) = 3*q**2 + 12*q + 107. Calculate p(0).
107
Let i(l) = -l**3 - 65*l**2 + 75*l + 368. Determine i(-66).
-226
Let w(f) = f**3 - 19*f**2 - 4*f + 94. Calculate w(19).
18
Let d(b) = -b**3 + 23*b**2 + 118*b - 147. What is d(27)?
123
Let q(f) = 12*f + 243. Determine q(-21).
-9
Let y(h) = h**3 - 7*h**2 - 5*h - 6. Determine y(4).
-74
Let r(z) = -840*z + 4201. Give r(5).
1
Let z(g) = -17717*g + 35431. What is z(2)?
-3
Let d(l) = 90*l - 47. Give d(4).
313
Let d(o) = -o**3 + 2*o**2 + 20*o + 396. Determine d(9).
9
Let z(d) = -3*d**3 - 71*d**2 - 6*d + 173. What is z(-23)?
-747
Let f(z) = 4*z**2 + 4*z + 7. Calculate f(4).
87
Let b(d) = -11*d - 516. Determine b(-48).
12
Let q(b) = -13*b**2 + 36*b + 1. What is q(4)?
-63
Let y(u) = u**3 + 57*u**2 - 520*u + 32. Give y(-65).
32
Let t(v) = -v**3 + 15*v**2 - 12*v - 4. What is t(1)?
-2
Let z(i) = 2*i**3 - 24*i**2 + 4*i + 23. Determine z(12).
71
Let v(u) = -20*u - 314. Give v(14).
-594
Let k(o) = -o**2 + 37*o - 137. Give k(4).
-5
Let w(m) = -4*m**3 + 167*m**2 - 122*m - 1. Calculate w(41).
40
Let g(z) = 2*z**3 - 16*z**2 - 10*z + 1. Give g(7).
-167
Let s(p) = -3*p**2 - 24*p + 68. Calculate s(-10).
8
Let n(p) = 75*p - 1056. Calculate n(12).
-156
Let q(y) = 5*y - 291. Give q(68).
49
Let q(j) = -108*j**3 + 3*j**2 + 10*j - 11. Calculate q(1).
-106
Let x(d) = -22*d**2 + 85*d + 104. Calculate x(-1).
-3
Let z(h) = h**2 - 29*h + 225. Give z(18).
27
Let s(j) = -j**2 + 965*j + 53943. What is s(-53)?
-11
Let d(p) = p**2 + 327*p - 655. What is d(2)?
3
Let i(v) = -14*v + 93. Give i(-22).
401
Let z(j) = j**2 - 24*j + 205. Give z(17).
86
Let q(l) = -50*l - 210. Give q(-4).
-10
Let l(s) = -427*s**2 - 1267*s + 2. What is l(-3)?
-40
Let w(y) = -369*y - 299. Determine w(-1).
70
Let o(n) = 3*n**3 - 63*n**2 - 14*n + 202. Give o(21).
-92
Let w(z) = 11*z**3 + 112*z**2 + 29*z + 86. Give w(-10).
-4
Let n(g) = -2*g**3 - 16*g**2 - 5*g + 97. Give n(-6).
-17
Let w(z) = -3*z + 13. Determine w(5).
-2
Let p(d) = -2*d**2 - 63*d - 9. What is p(-32)?
-41
Let r(a) = 3*a**3 + 427*a**2 + 143*a + 120. Determine r(-142).
-22
Let d(q) = q**3 + 3*q**2 - 5*q - 31. What is d(-5)?
-56
Let h(r) = 4*r**3 + 40*r**2 - 13*r - 11. Calculate h(-10).
119
Let p(o) = o - 44. Calculate p(35).
-9
Let b(j) = 1332*j - 3996. Determine b(3).
0
Let b(n) = -274*n + 25176. What is b(92)?
-32
Let m(q) = -349*q + 7684. Give m(22).
6
Let r(l) = -l**2 + 1001. Give r(32).
-23
Let p(x) = -3*x**2 - 94*x - 341. Calculate p(-4).
-13
Let h(z) = 218*z + 1296. What is h(-6)?
-12
Let c(r) = 144*r - 2015. Determine c(14).
1
Let j(q) = 24*q**3 - 48*q**2 + 5*q - 12. Give j(2).
-2
Let t(v) = -1058*v - 4233. Give t(-4).
-1
Let k(b) = -23*b + 471. Give k(-3).
540
Let d(i) = i**3 - 10*i**2 + 94*i - 518. What is d(7)?
-7
Let o(m) = m**2 - 4*m + 28. What is o(10)?
88
Let k(a) = -a**3 + 225*a**2 + 17*a - 3799. What is k(225)?
26
Let z(o) = -o**3 + 16*o**2 + 3*o + 129. Give z(17).
-109
Let a(u) = 5*u - 549. Give a(9).
-504
Let g(q) = -12*q**2 - 25*q. Calculate g(-5).
-175
Let o(a) = -a**3 + 5*a**2 - 17*a + 83. Calculate o(5).
-2
Let o(l) = -l**3 + 92*l**2 - 629*l + 2891. Determine o(85).
1
Let v(o) = -689*o + 6182. Determine v(9).
-19
Let g(m) = -3*m**2 - 243*m - 715. Calculate g(-3).
-13
Let n(t) = 4*t**2 - 118*t + 851. Determine n(13).
-7
Let j(u) = -u**2 - 9*u - 9. Calculate j(-3).
9
Let t(o) = -2*o**2 + 60*o + 590. Determine t(38).
-18
Let a(q) = -4*q + 92. Give a(2).
84
Let j(w) = -517*w - 80646. Give j(-156).
6
Let g(d) = -4*d**2 + 255*d - 316. Determine g(63).
-127
Let s(i) = -3*i**3 - i - 4. What is s(2)?
-30
Let y(u) = -35*u**2 - 171*u + 7. Calculate y(-5).
-13
Let s(x) = 9*x**2 - 78*x - 168. Calculate s(-2).
24
Let g(j) = -3827*j - 65036. Give g(-17).
23
Let a(c) = -c**3 + 9*c**2 - 18*c + 120. Determine a(9).
-42
Let k(h) = h**2 - 59*h + 54. Determine k(22).
-760
Let a(j) = j**3 + 26*j**2 + 165*j + 23. What is a(-15)?
23
Let a(q) = 2*q**3 - 112*q**2 - 114*q - 19. Calculate a(57).
-19
Let i(d) = d**3 + 106*d**2 + 3*d + 334. What is i(-10